[INFO] cloning repository https://github.com/JohnCorby/big-fat
[INFO] running `Command { std: "git" "-c" "credential.helper=" "-c" "credential.helper=/workspace/cargo-home/bin/git-credential-null" "clone" "--bare" "https://github.com/JohnCorby/big-fat" "/workspace/cache/git-repos/https%3A%2F%2Fgithub.com%2FJohnCorby%2Fbig-fat", kill_on_drop: false }`
[INFO] [stderr] Cloning into bare repository '/workspace/cache/git-repos/https%3A%2F%2Fgithub.com%2FJohnCorby%2Fbig-fat'...
[INFO] running `Command { std: "git" "rev-parse" "HEAD", kill_on_drop: false }`
[INFO] [stdout] 8fba2d075daa6b509a149c489c427e2857fc6f5f
[INFO] checking JohnCorby/big-fat against master#e6e4f7ed1589e03bc2f6c5931c1a72e7947e8682 for beta-170-4
[INFO] running `Command { std: "git" "clone" "/workspace/cache/git-repos/https%3A%2F%2Fgithub.com%2FJohnCorby%2Fbig-fat" "/workspace/builds/worker-1-tc2/source", kill_on_drop: false }`
[INFO] [stderr] Cloning into '/workspace/builds/worker-1-tc2/source'...
[INFO] [stderr] done.
[INFO] validating manifest of git repo https://github.com/JohnCorby/big-fat on toolchain e6e4f7ed1589e03bc2f6c5931c1a72e7947e8682
[INFO] running `Command { std: CARGO_HOME="/workspace/cargo-home" RUSTUP_HOME="/workspace/rustup-home" "/workspace/cargo-home/bin/cargo" "+e6e4f7ed1589e03bc2f6c5931c1a72e7947e8682" "metadata" "--manifest-path" "Cargo.toml" "--no-deps", kill_on_drop: false }`
[INFO] started tweaking git repo https://github.com/JohnCorby/big-fat
[INFO] finished tweaking git repo https://github.com/JohnCorby/big-fat
[INFO] tweaked toml for git repo https://github.com/JohnCorby/big-fat written to /workspace/builds/worker-1-tc2/source/Cargo.toml
[INFO] crate git repo https://github.com/JohnCorby/big-fat already has a lockfile, it will not be regenerated
[INFO] running `Command { std: CARGO_HOME="/workspace/cargo-home" RUSTUP_HOME="/workspace/rustup-home" "/workspace/cargo-home/bin/cargo" "+e6e4f7ed1589e03bc2f6c5931c1a72e7947e8682" "fetch" "--manifest-path" "Cargo.toml", kill_on_drop: false }`
[INFO] running `Command { std: "docker" "create" "-v" "/var/lib/crater-agent-workspace/builds/worker-1-tc2/target:/opt/rustwide/target:rw,Z" "-v" "/var/lib/crater-agent-workspace/builds/worker-1-tc2/source:/opt/rustwide/workdir:ro,Z" "-v" "/var/lib/crater-agent-workspace/cargo-home:/opt/rustwide/cargo-home:ro,Z" "-v" "/var/lib/crater-agent-workspace/rustup-home:/opt/rustwide/rustup-home:ro,Z" "-e" "SOURCE_DIR=/opt/rustwide/workdir" "-e" "CARGO_TARGET_DIR=/opt/rustwide/target" "-e" "CARGO_HOME=/opt/rustwide/cargo-home" "-e" "RUSTUP_HOME=/opt/rustwide/rustup-home" "-w" "/opt/rustwide/workdir" "-m" "1610612736" "--user" "0:0" "--network" "none" "ghcr.io/rust-lang/crates-build-env/linux@sha256:19e73879b68f455e41552ea35293514db52ea292d993f571636dbffedb77a1ee" "/opt/rustwide/cargo-home/bin/cargo" "+e6e4f7ed1589e03bc2f6c5931c1a72e7947e8682" "metadata" "--no-deps" "--format-version=1", kill_on_drop: false }`
[INFO] [stdout] b63cc08b6b8effb591a96a7287b406c93f8958702bd832c2370de26bd4f9c524
[INFO] running `Command { std: "docker" "start" "-a" "b63cc08b6b8effb591a96a7287b406c93f8958702bd832c2370de26bd4f9c524", kill_on_drop: false }`
[INFO] running `Command { std: "docker" "inspect" "b63cc08b6b8effb591a96a7287b406c93f8958702bd832c2370de26bd4f9c524", kill_on_drop: false }`
[INFO] running `Command { std: "docker" "rm" "-f" "b63cc08b6b8effb591a96a7287b406c93f8958702bd832c2370de26bd4f9c524", kill_on_drop: false }`
[INFO] [stdout] b63cc08b6b8effb591a96a7287b406c93f8958702bd832c2370de26bd4f9c524
[INFO] running `Command { std: "docker" "create" "-v" "/var/lib/crater-agent-workspace/builds/worker-1-tc2/target:/opt/rustwide/target:rw,Z" "-v" "/var/lib/crater-agent-workspace/builds/worker-1-tc2/source:/opt/rustwide/workdir:ro,Z" "-v" "/var/lib/crater-agent-workspace/cargo-home:/opt/rustwide/cargo-home:ro,Z" "-v" "/var/lib/crater-agent-workspace/rustup-home:/opt/rustwide/rustup-home:ro,Z" "-e" "SOURCE_DIR=/opt/rustwide/workdir" "-e" "CARGO_TARGET_DIR=/opt/rustwide/target" "-e" "CARGO_INCREMENTAL=0" "-e" "RUST_BACKTRACE=full" "-e" "RUSTFLAGS=--cap-lints=forbid" "-e" "RUSTDOCFLAGS=--cap-lints=forbid" "-e" "CARGO_HOME=/opt/rustwide/cargo-home" "-e" "RUSTUP_HOME=/opt/rustwide/rustup-home" "-w" "/opt/rustwide/workdir" "-m" "1610612736" "--user" "0:0" "--network" "none" "ghcr.io/rust-lang/crates-build-env/linux@sha256:19e73879b68f455e41552ea35293514db52ea292d993f571636dbffedb77a1ee" "/opt/rustwide/cargo-home/bin/cargo" "+e6e4f7ed1589e03bc2f6c5931c1a72e7947e8682" "check" "--frozen" "--all" "--all-targets" "--message-format=json", kill_on_drop: false }`
[INFO] [stdout] 2201b7c2a275fd8a039c2631e1b4e7159cabd4d45385d3dc5f9be875037492d3
[INFO] running `Command { std: "docker" "start" "-a" "2201b7c2a275fd8a039c2631e1b4e7159cabd4d45385d3dc5f9be875037492d3", kill_on_drop: false }`
[INFO] [stderr]    Compiling libc v0.2.82
[INFO] [stderr]    Compiling crossbeam-utils v0.8.1
[INFO] [stderr]    Compiling syn v1.0.58
[INFO] [stderr]    Compiling memoffset v0.6.1
[INFO] [stderr]    Compiling const_fn v0.4.5
[INFO] [stderr]    Compiling nix v0.15.0
[INFO] [stderr]    Compiling alsa-sys v0.3.1
[INFO] [stderr]    Compiling minimp3-sys v0.3.2
[INFO] [stderr]    Compiling rayon-core v1.9.0
[INFO] [stderr]    Compiling cpal v0.13.1
[INFO] [stderr]    Compiling rayon v1.5.0
[INFO] [stderr]     Checking tinyvec v0.3.4
[INFO] [stderr]    Compiling quote v1.0.8
[INFO] [stderr]     Checking ogg v0.7.1
[INFO] [stderr]     Checking hound v3.4.0
[INFO] [stderr]     Checking claxon v0.4.3
[INFO] [stderr]     Checking either v1.6.1
[INFO] [stderr]     Checking lewton v0.10.1
[INFO] [stderr]     Checking crossbeam-channel v0.5.0
[INFO] [stderr]     Checking crossbeam-epoch v0.9.1
[INFO] [stderr]     Checking crossbeam-deque v0.8.0
[INFO] [stderr]     Checking slice-deque v0.3.0
[INFO] [stderr]     Checking num_cpus v1.13.0
[INFO] [stderr]     Checking atty v0.2.14
[INFO] [stderr]     Checking clap v2.33.3
[INFO] [stderr]     Checking alsa v0.4.3
[INFO] [stderr]    Compiling thiserror-impl v1.0.23
[INFO] [stderr]     Checking thiserror v1.0.23
[INFO] [stderr]     Checking minimp3 v0.5.1
[INFO] [stderr]     Checking rodio v0.13.0
[INFO] [stderr]     Checking big-fat v0.1.0 (/opt/rustwide/workdir)
[INFO] [stdout] error[E0432]: unresolved import `std::lazy`
[INFO] [stdout]  --> src/late_init.rs:1:10
[INFO] [stdout]   |
[INFO] [stdout] 1 | use std::lazy::SyncOnceCell;
[INFO] [stdout]   |          ^^^^ could not find `lazy` in `std`
[INFO] [stdout] 
[INFO] [stdout] 
[INFO] [stdout] error[E0432]: unresolved import `std::lazy`
[INFO] [stdout]  --> src/late_init.rs:1:10
[INFO] [stdout]   |
[INFO] [stdout] 1 | use std::lazy::SyncOnceCell;
[INFO] [stdout]   |          ^^^^ could not find `lazy` in `std`
[INFO] [stdout] 
[INFO] [stdout] 
[INFO] [stdout] warning: the feature `once_cell` has been stable since 1.70.0 and no longer requires an attribute to enable
[INFO] [stdout]  --> src/main.rs:2:12
[INFO] [stdout]   |
[INFO] [stdout] 2 | #![feature(once_cell)]
[INFO] [stdout]   |            ^^^^^^^^^
[INFO] [stdout]   |
[INFO] [stdout]   = note: `#[warn(stable_features)]` on by default
[INFO] [stdout] 
[INFO] [stdout] 
[INFO] [stdout] warning: the feature `once_cell` has been stable since 1.70.0 and no longer requires an attribute to enable
[INFO] [stdout]  --> src/main.rs:2:12
[INFO] [stdout]   |
[INFO] [stdout] 2 | #![feature(once_cell)]
[INFO] [stdout]   |            ^^^^^^^^^
[INFO] [stdout]   |
[INFO] [stdout]   = note: `#[warn(stable_features)]` on by default
[INFO] [stdout] 
[INFO] [stdout] 
[INFO] [stdout] error[E0282]: type annotations needed
[INFO] [stdout]  --> src/cli.rs:6:40
[INFO] [stdout]   |
[INFO] [stdout] 6 | pub static IN_DIR: LateInit<PathBuf> = LateInit::new();
[INFO] [stdout]   |                                        ^^^^^^^^^^^^^ cannot infer type of the type parameter `T` declared on the struct `LateInit`
[INFO] [stdout]   |
[INFO] [stdout] help: consider specifying the generic argument
[INFO] [stdout]   |
[INFO] [stdout] 6 | pub static IN_DIR: LateInit<PathBuf> = LateInit::<T>::new();
[INFO] [stdout]   |                                                +++++
[INFO] [stdout] 
[INFO] [stdout] 
[INFO] [stdout] error[E0282]: type annotations needed
[INFO] [stdout]  --> src/cli.rs:6:40
[INFO] [stdout]   |
[INFO] [stdout] 6 | pub static IN_DIR: LateInit<PathBuf> = LateInit::new();
[INFO] [stdout]   |                                        ^^^^^^^^^^^^^ cannot infer type of the type parameter `T` declared on the struct `LateInit`
[INFO] [stdout]   |
[INFO] [stdout] help: consider specifying the generic argument
[INFO] [stdout]   |
[INFO] [stdout] 6 | pub static IN_DIR: LateInit<PathBuf> = LateInit::<T>::new();
[INFO] [stdout]   |                                                +++++
[INFO] [stdout] 
[INFO] [stdout] 
[INFO] [stdout] error[E0282]: type annotations needed
[INFO] [stdout]  --> src/cli.rs:7:42
[INFO] [stdout]   |
[INFO] [stdout] 7 | pub static OUT_FILE: LateInit<PathBuf> = LateInit::new();
[INFO] [stdout]   |                                          ^^^^^^^^^^^^^ cannot infer type of the type parameter `T` declared on the struct `LateInit`
[INFO] [stdout]   |
[INFO] [stdout] help: consider specifying the generic argument
[INFO] [stdout]   |
[INFO] [stdout] 7 | pub static OUT_FILE: LateInit<PathBuf> = LateInit::<T>::new();
[INFO] [stdout]   |                                                  +++++
[INFO] [stdout] 
[INFO] [stdout] 
[INFO] [stdout] error[E0282]: type annotations needed
[INFO] [stdout]  --> src/cli.rs:7:42
[INFO] [stdout]   |
[INFO] [stdout] 7 | pub static OUT_FILE: LateInit<PathBuf> = LateInit::new();
[INFO] [stdout]   |                                          ^^^^^^^^^^^^^ cannot infer type of the type parameter `T` declared on the struct `LateInit`
[INFO] [stdout]   |
[INFO] [stdout] help: consider specifying the generic argument
[INFO] [stdout]   |
[INFO] [stdout] 7 | pub static OUT_FILE: LateInit<PathBuf> = LateInit::<T>::new();
[INFO] [stdout]   |                                                  +++++
[INFO] [stdout] 
[INFO] [stdout] 
[INFO] [stdout] error[E0282]: type annotations needed
[INFO] [stdout]  --> src/cli.rs:9:38
[INFO] [stdout]   |
[INFO] [stdout] 9 | pub static RECURSE: LateInit<bool> = LateInit::new();
[INFO] [stdout]   |                                      ^^^^^^^^^^^^^ cannot infer type of the type parameter `T` declared on the struct `LateInit`
[INFO] [stdout]   |
[INFO] [stdout] help: consider specifying the generic argument
[INFO] [stdout]   |
[INFO] [stdout] 9 | pub static RECURSE: LateInit<bool> = LateInit::<T>::new();
[INFO] [stdout]   |                                              +++++
[INFO] [stdout] 
[INFO] [stdout] 
[INFO] [stdout] error[E0282]: type annotations needed
[INFO] [stdout]  --> src/cli.rs:9:38
[INFO] [stdout]   |
[INFO] [stdout] 9 | pub static RECURSE: LateInit<bool> = LateInit::new();
[INFO] [stdout]   |                                      ^^^^^^^^^^^^^ cannot infer type of the type parameter `T` declared on the struct `LateInit`
[INFO] [stdout]   |
[INFO] [stdout] help: consider specifying the generic argument
[INFO] [stdout]   |
[INFO] [stdout] 9 | pub static RECURSE: LateInit<bool> = LateInit::<T>::new();
[INFO] [stdout]   |                                              +++++
[INFO] [stdout] 
[INFO] [stdout] 
[INFO] [stdout] error[E0282]: type annotations needed
[INFO] [stdout]   --> src/cli.rs:11:38
[INFO] [stdout]    |
[INFO] [stdout] 11 | pub static CHANNELS: LateInit<u16> = LateInit::new();
[INFO] [stdout]    |                                      ^^^^^^^^^^^^^ cannot infer type of the type parameter `T` declared on the struct `LateInit`
[INFO] [stdout]    |
[INFO] [stdout] help: consider specifying the generic argument
[INFO] [stdout]    |
[INFO] [stdout] 11 | pub static CHANNELS: LateInit<u16> = LateInit::<T>::new();
[INFO] [stdout]    |                                              +++++
[INFO] [stdout] 
[INFO] [stdout] 
[INFO] [stdout] error[E0282]: type annotations needed
[INFO] [stdout]   --> src/cli.rs:11:38
[INFO] [stdout]    |
[INFO] [stdout] 11 | pub static CHANNELS: LateInit<u16> = LateInit::new();
[INFO] [stdout]    |                                      ^^^^^^^^^^^^^ cannot infer type of the type parameter `T` declared on the struct `LateInit`
[INFO] [stdout]    |
[INFO] [stdout] help: consider specifying the generic argument
[INFO] [stdout]    |
[INFO] [stdout] 11 | pub static CHANNELS: LateInit<u16> = LateInit::<T>::new();
[INFO] [stdout]    |                                              +++++
[INFO] [stdout] 
[INFO] [stdout] 
[INFO] [stdout] error[E0282]: type annotations needed
[INFO] [stdout]   --> src/cli.rs:12:41
[INFO] [stdout]    |
[INFO] [stdout] 12 | pub static SAMPLE_RATE: LateInit<u32> = LateInit::new();
[INFO] [stdout]    |                                         ^^^^^^^^^^^^^ cannot infer type of the type parameter `T` declared on the struct `LateInit`
[INFO] [stdout]    |
[INFO] [stdout] help: consider specifying the generic argument
[INFO] [stdout]    |
[INFO] [stdout] 12 | pub static SAMPLE_RATE: LateInit<u32> = LateInit::<T>::new();
[INFO] [stdout]    |                                                 +++++
[INFO] [stdout] 
[INFO] [stdout] 
[INFO] [stdout] error[E0282]: type annotations needed
[INFO] [stdout]   --> src/cli.rs:12:41
[INFO] [stdout]    |
[INFO] [stdout] 12 | pub static SAMPLE_RATE: LateInit<u32> = LateInit::new();
[INFO] [stdout]    |                                         ^^^^^^^^^^^^^ cannot infer type of the type parameter `T` declared on the struct `LateInit`
[INFO] [stdout]    |
[INFO] [stdout] help: consider specifying the generic argument
[INFO] [stdout]    |
[INFO] [stdout] 12 | pub static SAMPLE_RATE: LateInit<u32> = LateInit::<T>::new();
[INFO] [stdout]    |                                                 +++++
[INFO] [stdout] 
[INFO] [stdout] 
[INFO] [stdout] error[E0282]: type annotations needed
[INFO] [stdout]   --> src/cli.rs:14:45
[INFO] [stdout]    |
[INFO] [stdout] 14 | pub static POLL_DELAY: LateInit<Duration> = LateInit::new();
[INFO] [stdout]    |                                             ^^^^^^^^^^^^^ cannot infer type of the type parameter `T` declared on the struct `LateInit`
[INFO] [stdout]    |
[INFO] [stdout] help: consider specifying the generic argument
[INFO] [stdout]    |
[INFO] [stdout] 14 | pub static POLL_DELAY: LateInit<Duration> = LateInit::<T>::new();
[INFO] [stdout]    |                                                     +++++
[INFO] [stdout] 
[INFO] [stdout] 
[INFO] [stdout] error[E0282]: type annotations needed
[INFO] [stdout]   --> src/cli.rs:14:45
[INFO] [stdout]    |
[INFO] [stdout] 14 | pub static POLL_DELAY: LateInit<Duration> = LateInit::new();
[INFO] [stdout]    |                                             ^^^^^^^^^^^^^ cannot infer type of the type parameter `T` declared on the struct `LateInit`
[INFO] [stdout]    |
[INFO] [stdout] help: consider specifying the generic argument
[INFO] [stdout]    |
[INFO] [stdout] 14 | pub static POLL_DELAY: LateInit<Duration> = LateInit::<T>::new();
[INFO] [stdout]    |                                                     +++++
[INFO] [stdout] 
[INFO] [stdout] 
[INFO] [stdout] error[E0282]: type annotations needed
[INFO] [stdout]   --> src/cli.rs:70:57
[INFO] [stdout]    |
[INFO] [stdout] 70 |     CHANNELS.init(matches.value_of("channels").unwrap().parse().unwrap());
[INFO] [stdout]    |                                                         ^^^^^ cannot infer type of the type parameter `F` declared on the method `parse`
[INFO] [stdout]    |
[INFO] [stdout] help: consider specifying the generic argument
[INFO] [stdout]    |
[INFO] [stdout] 70 |     CHANNELS.init(matches.value_of("channels").unwrap().parse::<F>().unwrap());
[INFO] [stdout]    |                                                              +++++
[INFO] [stdout] 
[INFO] [stdout] 
[INFO] [stdout] error[E0282]: type annotations needed
[INFO] [stdout]   --> src/cli.rs:70:57
[INFO] [stdout]    |
[INFO] [stdout] 70 |     CHANNELS.init(matches.value_of("channels").unwrap().parse().unwrap());
[INFO] [stdout]    |                                                         ^^^^^ cannot infer type of the type parameter `F` declared on the method `parse`
[INFO] [stdout]    |
[INFO] [stdout] help: consider specifying the generic argument
[INFO] [stdout]    |
[INFO] [stdout] 70 |     CHANNELS.init(matches.value_of("channels").unwrap().parse::<F>().unwrap());
[INFO] [stdout]    |                                                              +++++
[INFO] [stdout] 
[INFO] [stdout] 
[INFO] [stdout] error: aborting due to 8 previous errors; 1 warning emitted
[INFO] [stdout] 
[INFO] [stdout] 
[INFO] [stdout] Some errors have detailed explanations: E0282, E0432.
[INFO] [stdout] 
[INFO] [stdout] For more information about an error, try `rustc --explain E0282`.
[INFO] [stdout] 
[INFO] [stdout] error: aborting due to 8 previous errors; 1 warning emitted
[INFO] [stdout] 
[INFO] [stdout] 
[INFO] [stdout] Some errors have detailed explanations: E0282, E0432.
[INFO] [stdout] 
[INFO] [stdout] For more information about an error, try `rustc --explain E0282`.
[INFO] [stdout] 
[INFO] [stderr] error: could not compile `big-fat` (bin "big-fat" test) due to 9 previous errors; 1 warning emitted
[INFO] [stderr] warning: build failed, waiting for other jobs to finish...
[INFO] [stderr] error: could not compile `big-fat` (bin "big-fat") due to 9 previous errors; 1 warning emitted
[INFO] running `Command { std: "docker" "inspect" "2201b7c2a275fd8a039c2631e1b4e7159cabd4d45385d3dc5f9be875037492d3", kill_on_drop: false }`
[INFO] running `Command { std: "docker" "rm" "-f" "2201b7c2a275fd8a039c2631e1b4e7159cabd4d45385d3dc5f9be875037492d3", kill_on_drop: false }`
[INFO] [stdout] 2201b7c2a275fd8a039c2631e1b4e7159cabd4d45385d3dc5f9be875037492d3
